a) = -a**2 + a + 4. Suppose -7 - 1 = -2*n. Suppose -5*h - 2 - 25 = -4*j, n*h = 3*j - 21. Suppose 0 = p - 5*l - 25, -j*p + l + 5 = p. Give v(p).
4
Let k(o) be the first derivative of -1/4*o**4 - 9*o - 5/2*o**2 + 8/3*o**3 + 6. Determine k(7).
5
Let z = 17 - 16. Suppose 2*p - 5 + z = 0. Suppose 2*f = 4*f - 3*v + p, 0 = 4*f - v - 16. Let r(c) = c - 4. Give r(f).
1
Let m(t) = 4*t + 2*t + 3*t**2 - 2*t**2. Let g be 8/10 - ((-6)/30)/(4/(-116)). Determine m(g).
-5
Suppose 45 = -4*m + 5*q, -2*q - q = -m - 13. Let d(o) = o**3 + 11*o**2 + 12*o + 13. Calculate d(m).
-7
Let n(x) = 76*x - 146. Let h be n(2). Let b(f) = 4*f - 22. What is b(h)?
2
Suppose 8*u - 3 = o + 7*u, 0 = o + 4*u - 12. Let q(h) be the second derivative of o + 3/2*h**2 + 1/2*h**3 + h. Calculate q(-2).
-3
Let y be (-12)/(-16)*8 - 1*-6. Let r(w) = w**3 - 12*w**2 + w + 4. Determine r(y).
16
Let t be -3 + (-6 - -6) + 2. Let h(n) = -4*n**2 + n + 1. Calculate h(t).
-4
Let r(q) = q**2 - q + 3. Suppose -u - 6 = -3*u. Suppose 2*c = -u*c + 30. Suppose -5*d + c*d = 0. What is r(d)?
3
Let c be (6/(-9))/((-2)/(-12)). Let s(b) = 6*b - 4. Calculate s(c).
-28
Let n(k) = k - 5. Let b(g) = -2*g - 8. Let p be b(-6). Suppose -p*h = -4*s - 16, 5*h - s - 22 = 3*s. Let w = h + -2. What is n(w)?
-1
Let g(y) = 2*y**2 - 12*y + 3. Suppose 5*f - 40 = -5*j, -2*f + 4*j - 54 = -52. Determine g(f).
-7
Let h(i) = i**2 + 9*i + 10. Let p = 19 + -12. Suppose 0 = 2*d - p*d. Suppose 2*x + d*x = -14. Calculate h(x).
-4
Suppose -4*l + 27 = -3*t, 0*l = -5*l - 4*t + 26. Let i be (-22 + l)/(4/(-2)). Let y = i + -12. Let x(w) = 3*w - 1. Give x(y).
-13
Suppose -7*s + i = -5*s + 32, 0 = 4*i. Let y(j) = 8*j + 1. Let v be y(-2). Let x = v - s. Let q(u) = 8*u + 1. Calculate q(x).
9
Let f(a) = a**2 + 6*a - 6. Let c be (0 - 1)/(13/247). Let h = 11 - c. Suppose -2*s - h = 3*s. What is f(s)?
-6
Let k(v) = 5*v + 5. Let q(j) = -9*j**2 - 30*j - 9. Let d be q(-3). Calculate k(d).
5
Let j = -217 + 225. Let n(m) = m**3 - 7*m**2 - 12*m + 7. What is n(j)?
-25
Let w(k) = -k**2 + 7*k - 20. Let x(b) = b**2 - 8*b + 23. Let o(f) = 2*w(f) + 3*x(f). What is o(6)?
5
Let k = -183 + 183. Let a(i) = 2*i**2 + i + 17. Calculate a(k).
17
Let t = 489 + -494. Let q(a) = a**2 + 6*a + 3. Determine q(t).
-2
Let p(z) be the second derivative of -z**5/20 - 3*z**4/4 - 3*z**3/2 - 7*z**2/2 + 26*z. Let l be ((-10)/(-5))/((-1)/4). Give p(l).
1
Suppose 0*t + 12 = -2*t. Let c(w) be the first derivative of w**3/3 + 2*w**2 - 8*w - 16. Determine c(t).
4
Suppose v = 5*v + 12. Let j(r) be the second derivative of 0 - 7*r - 1/6*r**3 + 0*r**2 - 1/12*r**4. Determine j(v).
-6
Let h(j) = j**3 - 5*j**2 + 2*j + 7. Suppose 35 = 23*n - 16*n. Calculate h(n).
17
Suppose -5*i - 5*t - 50 = 0, 15 - 3 = -3*t. Let k = i + 7. Let a be (-2 + 3)*(-5)/k. Let l(w) = w**2 + 5*w - 1. Give l(a).
-1
Let j be (-4)/14 + 32/14. Suppose 34 = -j*f + 20. Let k(z) = -z**2 - 6*z - 2. Determine k(f).
-9
Suppose 4 = 2*d + 5*x, 5*d + 3*x - 6 = 4. Let i(p) be the first derivative of 2 - 7*p - 1/3*p**3 - 1/2*p**d. What is i(0)?
-7
Let v be (-4)/(-6)*-1*6. Let q(a) = a**2 + 5*a + 5. Let u be q(v). Let i(n) = n + u - 5 + 4. What is i(5)?
5
Let v(y) = y**3 + 4*y**2 + y - 4. Let w(r) = 3*r - 7. Let x = 12 + -6. Let i be w(x). Suppose 0 = 3*g - 2*f + 14, 4*g + 32 = 5*f + i. What is v(g)?
-8
Suppose 6*f - 39 + 15 = 0. Let t(y) = 3 + 48*y - 47*y + f. Calculate t(-9).
-2
Suppose 0*d = 2*d - 32. Suppose -h = 5*v - 8 + 23, 0 = 4*v + d. Let z(a) = 8*a**2 - 5*a**2 + a**2 + 6*a**3 - 1 + a - h*a**2. Give z(1).
5
Let b(i) = 5*i**3 + 6*i**2 - 5*i - 1. Let s(q) = 14*q**3 + 17*q**2 - 13*q - 2. Let o(l) = -8*b(l) + 3*s(l). Give o(-2).
-4
Let y(n) = -4*n**2 + 7 + 2*n**2 + 1 - 4 + 2*n. Suppose g - 5*g - 32 = 0. Let s(k) = k + 11. Let l be s(g). Give y(l).
-8
Let i(b) be the second derivative of -b**4/12 - 5*b**3/3 + 17*b**2/2 + 5*b + 3. Determine i(-12).
-7
Let t(w) = 147 - 77 - 75 - 3*w + w. What is t(3)?
-11
Let r(u) = -u**2 - 6*u - 1. Let w be r(-3). Let q(j) = -j**2 + 8*j - 5. Let v be q(w). Let p(g) = 6*g**2 + 3 + 4*g + g**3 + 2 + 21 - 27. Give p(v).
4
Let c(t) = -t**2 - 9*t - 6. Let v(u) = -8*u**2 + 6*u - 7. Let z be v(1). Calculate c(z).
-6
Let d(x) = -4*x. Let s(c) = -2*c - 1. Let t be s(-3). Let u = -82 + 84. Suppose 4 = -2*p - u*r, -2*p - 24 = 5*r - t. What is d(p)?
-12
Let n be -5 + (8/(-12) + -1)*-3. Let p(k) be the second derivative of 0*k**2 + 1/2*k**3 + 6*k + n. Give p(-2).
-6
Let b(r) = 2*r + 11 - 7 + 10. Let k(l) = 1. Let c(g) = 2*b(g) - 22*k(g). Give c(-6).
-18
Let b(f) be the third derivative of -f**6/120 + 7*f**5/60 - f**4/4 - 4*f**3/3 + 33*f**2. Determine b(6).
-8
Let g = 13 - 12. Let z(l) be the second derivative of -13*l**5/20 - l**4/12 + l**3/3 - l**2/2 + l. What is z(g)?
-13
Let i(k) be the first derivative of -k**6/120 - k**5/12 + k**3/2 - 7*k**2/2 - 3. Let q(p) be the second derivative of i(p). Give q(-5).
3
Let v(i) be the second derivative of i**5/20 + 7*i**4/4 - 11*i**3/3 - 19*i. Determine v(-22).
0
Let i(c) = 2 - 4 + c + c**2 + 2 - 6*c. Calculate i(5).
0
Let t = -541 + 547. Let q(s) be the second derivative of 1/2*s**3 + 0 - t*s + 3/2*s**2. Determine q(-2).
-3
Suppose 3*k + 5*d - 27 = 0, -11*d + 13*d - 2 = k. Let u(c) = -2*c + 2. Let z(l) = 5*l - 5. Let a(n) = -8*u(n) - 3*z(n). Calculate a(k).
3
Let v = 22 + -18. Let a be 2/((-3)/(-3)) + v. Let f(m) = -4*m + 8. Determine f(a).
-16
Let g(u) = u**2 - 10*u - 3. Suppose -45 = -4*v + i, -6*v - 4*i + 10 = -3*v. Let o be g(v). Let y(q) = -1 - 5*q**2 + q - 2*q**2 + 8*q**2. Determine y(o).
5
Let b(m) = -m**3 - 11*m**2 - 10*m - 5. Suppose -3*j - 25 = -d, -2*j = 2*d + 29 + 1. Calculate b(j).
-5
Suppose -3*n - 4 + 31 = 2*i, 3*i = -2*n + 23. Suppose -4*z - 6 = -n*z. Let u(w) = 8*w. Calculate u(z).
16
Let d(c) = 3*c**3 - 2*c**2 + 10*c + 13. Let n(i) = 5*i**3 - 3*i**2 + 15*i + 20. Let o = -43 - -35. Let l(m) = o*d(m) + 5*n(m). Give l(-3).
-7
Let k(y) = y**3 - y**2. Let c(f) = -3*f**3 - 7*f**2 + 10*f + 4. Let t(u) = -c(u) - 4*k(u). Calculate t(10).
-4
Let w(o) be the third derivative of o**5/60 + o**4/6 + 5*o**3/6 + 5*o**2 + 4*o. What is w(-3)?
2
Let y be (63/(-7)*2)/((-1)/3). Suppose 0*m - y = 9*m. Let p(g) = g + 4. Give p(m).
-2
Let f(t) = -3*t**3 + t**2 - 2. Let p(n) = -n**3 - 1. Let y(a) = -4*f(a) + 11*p(a). Give y(5).
22
Let n(c) be the first derivative of -c**4/2 - 2*c**3 + c**2/2 + 5*c + 222. What is n(-4)?
33
Let o = -59 + 58. Let l(f) = -4*f - 1. Let p be l(o). Let s(h) = -h + 1. Determine s(p).
-2
Suppose -4*s - 88 = 2*b, -17 = s - 2*b - 0*b. Let h = -17 - s. Let t be (5 - (-6 + h))*-1. Let r(n) = n**3 + 8*n**2 + 7*n + 2. What is r(t)?
2
Suppose 102 = 6*q + 11*q. Let r(a) be the first derivative of a**2/2 - 5*a + 1. Determine r(q).
1
Let x(s) = s**3 - 2*s**2 - 2*s - 4. Let m = -5 - -17. Let j be m/(-18) + (-11)/(-3). Suppose 0 = -2*p - 4*o + 22, -2*p - j*o = -0*o - 18. Calculate x(p).
-1
Let d(m) = m - 2. Let l(r) be the first derivative of r**4/4 + 7*r**3 - 45*r**2/2 + 15*r + 32. Let n be l(-23). Give d(n).
-10
Let q(v) = -v - 10. Let h(n) = 7 - 13 + n**2 + 2*n**3 - n - 3*n**3. Let f be 0*(0/2 + 1). Let t be h(f). Calculate q(t).
-4
Let l(z) = 5*z**3 - 2*z**2 + 2*z - 2. Let t(g) = -8*g**3 + 3*g**2 - 5*g + 4. Let n(b) = -5*l(b) - 3*t(b). What is n(3)?
-5
Let i(l) be the third derivative of l**6/360 - l**5/60 - 7*l**4/24 - 11*l**3/3 - 2*l**2. Let c(q) be the first derivative of i(q). Calculate c(5).
8
Suppose 3*h + 7 = -f, -h - 7 = -5*f - 2*h. Let d(p) = 74*p**2 - p**3 - 79*p**f + 2*p + 3*p - 2. Suppose -2*y - 3 = 3*i - 6, y + 31 = 5*i. What is d(y)?
4
Let p(c) = c**2 + 7*c - 5. Let v be -5*(-10)/250 - 62/10. Give p(v).
-11
Let i be (-2)/(-8) + 9/(-4). Let v(z) = 11*z - 1. Let l be v(2). Let f(d) = -d - 5*d - l + 2*d + 23. Determine f(i).
10
Let l(x) = x + 9. Let k(i) = i**2 + 34*i - 160. Let m be k(-38). Give l(m).
1
Suppose -12 = -3*f + 3. Let z(o) = -2942 + 3*o**2 - 6*o**3 - 4*o + 5*o**3 + 3*o**2 + 2935. Determine z(f).
-2
Let l(o) = -o**2 - 8*o - 2. Let q be 27/(-4) + 2/(-8). Let s be l(q). Let z be 2/s - (-3)/5. Let a(d) = d**2 - d. What is a(z)?
0
Let r(g) = -3*g - 7. Suppose -3*c - 6*c + 81 = 0. Let b be c/(-9) + -1 + -3. Give r(b).
8
Let y(x) = -x**2 + 5*x - 4. Suppose -4*h - 4 = j, 3*h = -4*j + 4*h + 1. Suppose -28 = -j*a - 7*a. Determine y(a).
0
Suppo